f 2454009?
5
What is the units digit of 228424?
4
What is the units digit of 1391070?
0
What is the hundreds digit of 1763319?
3
What is the thousands digit of 583030?
3
What is the tens digit of 1339520?
2
What is the ten thousands digit of 207530?
0
What is the hundred thousands digit of 2047911?
0
What is the tens digit of 4074120?
2
What is the thousands digit of 1089624?
9
What is the ten thousands digit of 25373158?
7
What is the ten thousands digit of 80230?
8
What is the thousands digit of 2454600?
4
What is the tens digit of 285978?
7
What is the ten thousands digit of 16896000?
9
What is the hundred thousands digit of 652598?
6
What is the units digit of 233434?
4
What is the ten millions digit of 13900759?
1
What is the thousands digit of 7166653?
6
What is the hundred thousands digit of 128118?
1
What is the thousands digit of 2977381?
7
What is the units digit of 2373124?
4
What is the units digit of 3046428?
8
What is the hundreds digit of 3059233?
2
What is the units digit of 3660076?
6
What is the tens digit of 1081332?
3
What is the hundred thousands digit of 256970?
2
What is the ten thousands digit of 1455452?
5
What is the ten millions digit of 19919724?
1
What is the tens digit of 269961?
6
What is the units digit of 550114?
4
What is the thousands digit of 570771?
0
What is the thousands digit of 1085949?
5
What is the thousands digit of 21860?
1
What is the tens digit of 159501?
0
What is the hundred thousands digit of 390550?
3
What is the thousands digit of 763438?
3
What is the tens digit of 5938795?
9
What is the hundred thousands digit of 24527618?
5
What is the thousands digit of 569976?
9
What is the ten thousands digit of 239894?
3
What is the tens digit of 71676?
7
What is the ten thousands digit of 1265204?
6
What is the thousands digit of 11268108?
8
What is the hundreds digit of 196132?
1
What is the millions digit of 18213196?
8
What is the tens digit of 2588281?
8
What is the hundreds digit of 3353421?
4
What is the hundred thousands digit of 436550?
4
What is the units digit of 841637?
7
What is the hundreds digit of 310395?
3
What is the ten thousands digit of 16272696?
7
What is the ten thousands digit of 10036940?
3
What is the hundred thousands digit of 4796155?
7
What is the hundred thousands digit of 1217987?
2
What is the millions digit of 3275043?
3
What is the hundred thousands digit of 24655064?
6
What is the ten thousands digit of 465557?
6
What is the hundred thousands digit of 411912?
4
What is the hundreds digit of 2397090?
0
What is the units digit of 78963?
3
What is the hundred thousands digit of 280095?
2
What is the thousands digit of 319342?
9
What is the hundreds digit of 4428535?
5
What is the tens digit of 266797?
9
What is the hundred thousands digit of 410400?
4
What is the tens digit of 2747791?
9
What is the thousands digit of 29928?
9
What is the units digit of 332784?
4
What is the hundreds digit of 34186?
1
What is the units digit of 957037?
7
What is the units digit of 4690907?
7
What is the thousands digit of 9304970?
4
What is the thousands digit of 1489023?
9
What is the ten thousands digit of 21769527?
6
What is the tens digit of 462863?
6
What is the ten millions digit of 13312353?
1
What is the hundreds digit of 191995?
9
What is the ten thousands digit of 701623?
0
What is the hundred thousands digit of 4317134?
3
What is the hundreds digit of 293371?
3
What is the hundreds digit of 1774179?
1
What is the hundreds digit of 488104?
1
What is the ten thousands digit of 5251323?
5
What is the units digit of 7957962?
2
What is the hundred thousands digit of 21497533?
4
What is the units digit of 8512735?
5
What is the ten thousands digit of 1471736?
7
What is the ten thousands digit of 373098?
7
What is the hundreds digit of 198223?
2
What is the units digit of 72566?
6
What is the hundred thousands digit of 8658289?
6
What is the millions digit of 6391569?
6
What is the units digit of 8089005?
5
What is the tens digit of 1159036?
3
What is the hundreds digit of 996203?
2
What is the tens digit of 65444?
4
What is the units digit of 491416?
6
What is the ten thousands digit of 274423?
7
What is the units digit of 56787?
7
What is the units digit of 192552?
2
What is the tens digit of 26113949?
4
What is the thousands digit of 727736?
7
What is the thousands digit of 8320274?
0
What is the units digit of 934534?
4
What is the hundreds digit of 460259?
2
What is the thousands digit of 211015?
1
What is the hundred thousands digit of 9171992?
1
What is the ten millions digit of 19888174?
1
What is the tens digit of 482114?
1
What is the hundreds digit of 266055?
0
What is the millions digit of 2771370?
2
What is the millions digit of 4057332?
4
What is the hundred thousands digit of 304298?
3
What is the tens digit of 237089?
8
What is the hundred thousands digit of 201361?
2
What is the units digit of 17117?
7
What is the tens digit of 775981?
8
What is the hundreds digit of 6486986?
9
What is the hundred thousands digit of 1433450?
4
What is the millions digit of 4033780?
4
What is the hundreds digit of 65925?
9
What is the ten thousands digit of 13140691?
4
What is the units digit of 190632?
2
What is the millions digit of 5574446?
5
What is the ten thousands digit of 235157?
3
What is the tens digit of 147945?
4
What is the ten millions digit of 14817514?
1
What is the hundred thousands digit of 1461861?
4
What is the millions digit of 3076121?
3
What is the hundreds digit of 8122754?
7
What is the tens digit of 201139?
3
What is the thousands digit of 63320?
3
What is the millions digit of 1502366?
1
What is the thousands digit of 257402?
7
What is the units digit of 190821?
1
What is the tens digit of 797214?
1
What is the hundreds digit of 942903?
9
What is the ten thousands digit of 5012356?
1
What is the units digit of 1722230?
0
What is the ten thousands digit of 892690?
9
What is the tens digit of 1763973?
7
What is the ten millions digit of 30169267?
3
What is the thousands digit of 9075340?
5
What is the thousands digit of 2963649?
3
What is the thousands digit of 69528?
9
What is the hundreds digit of 2736300?
3
What is the hundreds digit of 173622?
6
What is the units digit of 797506?
6
What is the hundreds digit of 66985?
9
What is the ten thousands digit of 5660434?
6
What is the ten millions digit of 22448257?
2
What is the millions digit of 4857072?
4
What is the hundreds digit of 538399?
3
What is the hundreds digit of 245699?
6
What is the thousands digit of 268712?
8
What is the ten thousands digit of 29084?
2
What is the hundreds digit of 125660?
6
What is the tens digit of 1054603?
0
What is the units digit of 46674?
4
What is the hundreds digit of 739971?
9
What is the thousands digit of 239426?
9
What is the tens digit of 2273799?
9
What is the ten thousands digit of 15276025?
7
What is the millions digit of 5019394?
5
What is the units digit of 82445?
5
What is the tens digit of 223775?
7
What is the thousands digit of 35671?
5
What is the thousands digit of 30110171?
0
What is the hundred thousands digit of 602097?
6
What is the hundred thousands digit of 7451933?
4
What is the tens digit of 13941022?
2
What is the millions digit of 7475409?
7
What is the tens digit of 623229?
2
What is the tens digit of 308459?
5
What is the hundreds digit of 2086177?
1
What is the units digit of 802810?
0
What is the units digit of 20488408?
8
What is the ten thousands digit of 506839?
0
What is the hundred thousands digit of 934882?
9
What is the hundred thousands digit of 8420804?
4
What is the tens digit of 19973536?
3
What is the hundreds digit of 9240812?
8
What is the tens digit of 11015127?
2
What is the tens digit of 953520?
2
What is the thousands digit of 365213?
5
What is the hundred thousands digit of 2337051?
3
What is the units digit of 508684?
4
What is the tens digit of 267221?
2
What is the ten thousands digit of 3994750?
9
What is the tens digit of 1752728?
2
What is the units digit of 7039675?
5
What is the units digit of 88563?
3
What is the hundreds digit of 66812?
8
What is the ten thousands digit of 2988557?
8
What is the hundred thousands digit of 129754?
1
What is the hundred thousands digit of 26927939?
9
What is the units digit of 